). Calculate the greatest common factor of t and 7.
7
Let u be (-28)/(-12 - -5)*(11 + -3). Calculate the greatest common factor of 28 and u.
4
Suppose -3*v + 1 = -35. Suppose 2*t - 5*m - 40 = 0, -3*t + 14 = -2*m - 35. Let w be t*-4*(-3)/3. What is the highest common divisor of w and v?
12
Let d(c) be the first derivative of -c**2 + 4*c - 6. Let w = -15 + 8. Let i be d(w). Calculate the greatest common factor of 144 and i.
18
Let v be (-150)/(-90)*72/5. What is the greatest common factor of v and 372?
12
Let q(g) = -g**3 + 5*g**2 - 11*g - 9. Let n be q(-9). Suppose -n = -12*s + 2520. Calculate the greatest common divisor of s and 39.
39
Let f be 2*((-45)/(-6) + -3). Suppose 4*y - f*y + 40 = 0. Let n = y - 2. What is the greatest common factor of 9 and n?
3
Suppose -8*n + 12 = -36. Calculate the highest common factor of 246 and n.
6
Let j = 36 - 9. Suppose 7*u + 72 = 4*g, -g - 23*u + 18*u = -18. What is the greatest common divisor of j and g?
9
Let c be (2/4)/(7/70). Suppose -3*o = 3*f - f + 3, -c*f + o + 1 = 0. Suppose f = -5*n, -2*y + 0*n = -4*n - 20. What is the greatest common divisor of 90 and y?
10
Let t = -146 - -196. What is the greatest common divisor of 110 and t?
10
Let i = 249 + 136. What is the greatest common factor of i and 154?
77
Let d = 45 + -13. Suppose -239*y = -484*y + 234*y + 88. What is the highest common factor of d and y?
8
Let u be 9 - (2/(-15) - 43/15). What is the highest common factor of 20 and u?
4
Suppose -30 = -2*a - 5*u, -5*a - u - 22 = -120. Calculate the highest common factor of 32 and a.
4
Suppose -4*s + 4*n + 2 = -2*s, n - 10 = -3*s. Suppose -5 = 5*v, -2*b + s*v = -5*b + 6. What is the highest common divisor of b and 24?
3
Let i be 159/4 - 9/(-36) - -5. Suppose -2*s + 0*s = 4*a - 12, -5*s = 20. What is the highest common divisor of a and i?
5
Let b = 47 - -273. Calculate the highest common factor of 20 and b.
20
Suppose -7*t - 35 = -12*t. Suppose -5*q + 1 - 4 = -4*h, -3*q + 5*h = t. Calculate the greatest common factor of 5 and q.
1
Suppose -5*c - 190 = 3*y + 2*y, 4*c + 5*y + 154 = 0. Let q be (24/(-9))/(4/c). Suppose 5*v - 269 = 31. What is the highest common divisor of v and q?
12
Suppose 0 = 5*l - 3*m - 13 - 43, -m = -4*l + 49. Let v(k) = -5*k + 1. Let b be v(-18). What is the greatest common factor of l and b?
13
Let q = -72 + 62. Let a be (-1732)/(-10) + -3 - (-2)/q. What is the greatest common divisor of 68 and a?
34
Suppose 0 = -34*m + 1968 + 1704. Calculate the highest common divisor of 243 and m.
27
Let b(v) = -193*v - 537. Let s be b(-9). What is the greatest common factor of s and 75?
75
Let f be (-14)/(-224)*-8 + (-42)/(-4). Calculate the greatest common factor of 75 and f.
5
Suppose -10*i = -140 - 110. Let r = -152 - -162. Calculate the greatest common factor of i and r.
5
Suppose 5*g - 45 = -5*i, g + 4*i + 10 = 7. Calculate the highest common factor of 169 and g.
13
Let s be -30*(20/15 + -5). What is the highest common factor of s and 10?
10
Let v be ((1995/(-20))/(-7))/(12/16). Suppose 4*x - 70 - 6 = 0. Calculate the greatest common divisor of v and x.
19
Let m be (45 - -1) + (-1)/1. Suppose -3*n = -8*n + m. Suppose s + 4*f = -0*f + 5, -2*s + 5 = 3*f. What is the highest common factor of s and n?
1
Let q be (160/(-120))/((-6)/9). What is the greatest common divisor of 26 and q?
2
Let h = 231 + -183. What is the greatest common factor of h and 6?
6
Let a(i) = -12*i - 47. Let m be a(-6). Calculate the greatest common factor of m and 75.
25
Let q = -114 + 196. Suppose -5*b + q = 2. Let x = 31 - b. Calculate the highest common divisor of x and 15.
15
Suppose -3*q + 0*f + 783 = 3*f, 5*q - 4*f - 1314 = 0. Suppose 560 = 4*r - 3*s, -4*r = 5*s - 854 + q. Calculate the greatest common divisor of r and 13.
13
Suppose 3*l - 4*l + 41 = 2*w, 3*l - 15 = 0. Let t be (-27)/6*((-48)/w + 2). What is the greatest common factor of 3 and t?
3
Suppose 94*n - 97*n = -768. What is the greatest common factor of 8 and n?
8
Let v(o) = o**2 - 15*o + 16. Suppose 0 = -5*z + z + 12, 4*z + 20 = 2*s. Let g be v(s). Calculate the highest common factor of 256 and g.
32
Suppose -5*a - 4*k = -383, 2*k = 4*a - 0*k - 296. Let j = 103 - a. What is the highest common factor of 14 and j?
14
Suppose 6*h + 40 = 292. Let k(x) = -x**3 - 2*x**2 + x. Let f be k(-4). Calculate the highest common divisor of f and h.
14
Let w(m) = 11*m**2 - 37*m + 161. Let u be w(11). What is the greatest common factor of 31 and u?
31
Let g be 4/(-60)*5 + 241/3. What is the greatest common divisor of 20 and g?
20
Let p be 96/208 + (-274)/(-26). What is the highest common factor of p and 451?
11
Suppose -80 + 221 = 4*n + f, -n - 2*f + 44 = 0. Calculate the greatest common divisor of n and 119.
17
Let w(x) = x**2 + 4*x + 15. Let r be w(5). Suppose 110 = 2*k + 5*u, -4*k = -0*k - 3*u - 194. Let d = k - 26. Calculate the greatest common factor of d and r.
12
Suppose 31*o = 6811 + 9309. What is the greatest common divisor of 936 and o?
104
Suppose -3*x - 2 + 5 = 0. Let g be ((-2)/3)/(x*(-3)/9). What is the greatest common divisor of 2 and g?
2
Let n(p) = -p**3 - 2*p**2 - p + 2. Let a be n(-3). Let r = 1177 - 841. Suppose 41*j - r = 38*j. What is the highest common divisor of j and a?
14
Let q = -8 - -5. Let b(p) = -p**3 + 4*p**2 - 3*p + 6. Let c be b(3). Let t be (14/c)/(q/(-189)). What is the greatest common factor of t and 21?
21
Let m be 636/36 + 6/(-9). Let g be ((-6)/(-9))/((-4)/(-1122)). Calculate the highest common divisor of m and g.
17
Let m(f) = -f**3 - 14*f**2 + 5. Let s be m(-14). Suppose 3*n - 41 = -s*w, w = -n - 3 + 16. Let l be (-4)/6*-2*6. What is the greatest common divisor of n and l?
4
Let y be (715/(-39))/((-2)/6). Let f be (y/15)/(2/12). Suppose -74 = -4*q + f. Calculate the highest common divisor of 12 and q.
12
Suppose -23 = -2*r + 3*v, 17 = r + 2*r - v. Suppose r*f - f - 126 = 0. Suppose u - 4*u = -f. What is the greatest common factor of u and 154?
14
Let f = -273 + 361. Calculate the greatest common divisor of 11 and f.
11
Let k = -599 + 627. Let u be (-2)/6 - 2022/(-18). Calculate the greatest common divisor of k and u.
28
Let a(x) = 14*x - 5. Let n = -2 - 6. Let d be a(n). Let j = 285 + d. What is the highest common divisor of 21 and j?
21
Let k = -108 - -111. Suppose 0 = 5*s + 2*j - 10, -4*s - 2 = 5*j - 27. Suppose -5*h + 168 - 63 = s. What is the greatest common factor of h and k?
3
Let s be (-2)/7 - (-407)/77. Let m(p) = p + 2. Let o be m(s). Let q be (-2)/6 + o/3. Calculate the greatest common divisor of q and 2.
2
Let r = 44 + -24. Let l be ((-6)/(-4))/(-15 + (-24060)/(-1600)). Calculate the greatest common divisor of l and r.
20
Let l be (-3)/12 - 843/(-12)*1. Calculate the highest common factor of 56 and l.
14
Let m be -1 + (-3 - -4) - (-2060)/10. Calculate the highest common factor of 309 and m.
103
Suppose 400 = -47*q + 43*q. Let z = 101 + q. Calculate the greatest common divisor of z and 1.
1
Let o(l) = l**3 - 8*l**2 - 8*l + 4. Let b be 3/12 - -5*28/16. Let v be o(b). What is the highest common divisor of v and 117?
13
Let x(k) = -7*k**3 + k**2. Let r be 6/(-1) + 9 + -4. Let m be x(r). Calculate the greatest common factor of m and 184.
8
Let o = 13 - 49. Let p = 54 + o. What is the highest common divisor of p and 18?
18
Let v(n) = n**2 - 2*n - 3. Let l be v(-2). Let w = 27073 + -26978. What is the greatest common divisor of l and w?
5
Let k = -1923 - -2151. What is the highest common divisor of k and 4?
4
Let y(z) = z + 29. Let d be y(-5). Calculate the highest common factor of d and 72.
24
Let s = 90 - 56. Let b = -27 + s. Let n = 63 + b. What is the highest common divisor of n and 28?
14
Let h be ((-12)/2)/6*-416. Calculate the highest common factor of h and 32.
32
Let w(i) = -i**3 - 52*i**2 - 317*i + 70. Let c be w(-45). Suppose -5 = -3*v + 25. What is the greatest common divisor of v and c?
10
Let s(t) = t**3 - 5*t**2 - 7*t + 9. Let x be s(7). Let j = x + -18. What is the greatest common divisor of j and 8?
8
Let d(u) = -42*u - 3. Let y be d(-5). Suppose -2*q + 70 = 3*q. Let i = q - -9. What is the greatest common factor of y and i?
23
Let f be 0/((-3)/1) + 3. Suppose 85 = 5*i - q, -f*i + 0*q - 4*q = -28. Calculate the highest common factor of i and 40.
8
Let z(r) = -r**3 + 12*r**2 + 17*r - 3. Let f be z(13). Let j = f + 